ulate the highest common divisor of 339 and t.
1
Let r = -8092 + 8110. Calculate the highest common factor of 7542 and r.
18
Let y = 208 - 37. Let n(r) = -4*r**2 + 42*r + 7. Let m be n(10). What is the highest common factor of m and y?
9
Let c(v) = -v**3 - 37*v**2 + 50*v + 501. Let q be c(-38). Suppose 2*a = -0*a + 390. Calculate the highest common factor of q and a.
15
Let j = -18 + 38. Suppose 6968 + 6600 = -32*b. Let d = -394 - b. What is the highest common factor of j and d?
10
Let n(g) = -g**2 + 27*g + 94. Let m be n(30). Let l be 172/6*2/m*3. Calculate the greatest common factor of 43 and l.
43
Suppose c - 2*d = 4*c - 1, 2*c - 4*d - 22 = 0. Let s = 253 + -255. Let f be -25*(0 - 1) + (-4)/s. Calculate the highest common divisor of c and f.
3
Let b = -31 - -35. Suppose 0 = b*o - 9*o + 95. Suppose 5*p - o = 746. Calculate the highest common divisor of p and 51.
51
Let w be 164/2 + (-22)/(-176) + (-49)/8. Calculate the highest common factor of w and 3838.
38
Let x(y) = -68*y + 1. Let t be x(-1). Suppose -10*j + 118*j = -7020. Let m = t + j. What is the greatest common factor of m and 32?
4
Suppose 0 = -7*u + 102 + 10. Suppose 4*g + 21 + u = 5*b, -3*b + 30 = -5*g. Let s be (-7124)/(-260) - (0 + 2/b). Calculate the greatest common factor of 9 and s.
9
Let t be 2*(-3)/(-12) + (-36)/(-8). Suppose -3*g + 2*l = -1001, -50*g + 1013 = -47*g + 4*l. Calculate the greatest common factor of t and g.
5
Suppose -2*d + 3*b = -13, 5 = -3*b + 4*b. Suppose 272 = -d*t + 18*t. Let q = -44 + t. Calculate the highest common factor of q and 36.
12
Let t(o) = 20*o + 178. Let r be t(10). What is the highest common divisor of 42 and r?
42
Let f = -32241 - -38494. What is the highest common factor of f and 91?
13
Let b(a) = 9*a + 100. Let k(t) = -33*t + 122. Let d be k(4). Let r be b(d). Calculate the highest common factor of r and 18.
2
Let g = 152 + 76. Let s be (22/(-14) - (-5 + 1 + 5))*-399. What is the highest common factor of s and g?
114
Let h be ((-174)/15)/((-1)/5). Let s(t) = t**3 + 9*t**2 + 2*t - 1. Let x be s(-7). Let w = x - h. Calculate the greatest common divisor of 50 and w.
25
Suppose -15 = -2*o + 145. Suppose -3*t = -y - o, 16 = -t + 2*y + 51. What is the highest common factor of t and 225?
25
Let c(t) = 6*t - 7. Let d be c(6). Let o be 145/3*(0 - (-72)/40). What is the greatest common factor of d and o?
29
Let p be (-38402)/(-3165) - 4/30. Calculate the highest common divisor of p and 956.
4
Let l be (147/(-28))/(9/(-24)). Suppose -8*a = -13*a + 455. Let m be (a/l)/(1/2). Calculate the greatest common factor of 65 and m.
13
Let m be (3*76/(-12))/1. Let o = m + 79. Suppose 3*u = 5*h - o, -3*u + 0*u = 2*h - 45. What is the highest common factor of 105 and h?
15
Let h = -37028 + 37080. What is the greatest common factor of 48412 and h?
52
Suppose -t + i + 85 = 0, -2*t - 5*i = -84 - 51. Let a be -18*(t/(-15) - -5). Let g(f) = -2*f - 6. Let c be g(-6). What is the highest common divisor of a and c?
6
Suppose 5*c - 1173 = -3*t, 0 = -383*t + 378*t + 5*c + 1995. What is the greatest common divisor of 1232 and t?
44
Let u(s) = 10*s - 101. Let j be u(10). Let r be (19572/7)/6 - (2 + j). Calculate the greatest common factor of r and 15.
15
Suppose 101 + 7 = 12*j. Suppose -78 + 240 = j*m. What is the greatest common factor of 342 and m?
18
Suppose 5*r - 3848 = a, -4*r + 3074 = 9*a - 12*a. Calculate the greatest common divisor of r and 350.
70
Let k(i) = -37*i**2 - 6*i - 8. Let l(r) = -r - 1. Let q(z) = -k(z) + 4*l(z). Let n be q(2). What is the highest common divisor of n and 48?
12
Let w be (-5)/(-5)*(454 - 3). What is the highest common divisor of 205 and w?
41
Suppose -4*f = 3*t - 46, 15*f - 10 = -t + 11*f. Suppose -x = 3*d - 38, t*d - 19*d - 4*x = 2. Calculate the greatest common factor of d and 238.
14
Let o be ((-7)/(-3))/((20/36)/(-5)). Let z(m) = 2*m**2 + 31*m + 1. Let b be z(o). Suppose d = -0*d + b. Calculate the highest common divisor of 29 and d.
29
Let v(d) = 4*d**2 - 3285 + 4*d**3 - 11*d + 4*d + 3281. Let b be v(4). What is the highest common divisor of b and 216?
72
Suppose 4*k = 4*m + 32, 2*k - k - 12 = -3*m. Let a be k*(192/18 + 10/(-6)). What is the highest common divisor of 6 and a?
3
Suppose -150 = s - 5*t, 0 = -s + 4*s - 2*t + 411. Let o be s/(-36)*(2 + -1 + 3). What is the highest common factor of o and 45?
15
Let i = 471 - 367. Let h be 63/(-42)*i/(-6). Calculate the highest common divisor of h and 169.
13
Suppose 3*q + 0 + 7 = k, -3*k + 4*q + 1 = 0. Let c be 12/(8 + k) - -6. Calculate the highest common divisor of 130 and c.
10
Suppose n = 4*w - 3406, 4*w = 5*n + 2576 + 854. Calculate the greatest common factor of 646 and w.
34
Let x be (-4)/(-10) - (-146)/10. Let n be (-1)/((-4)/38 + -1 + 391/646). Let r be x/(-9)*(n + 2 + -19). Calculate the highest common factor of r and 5.
5
Suppose -n = -3*n + 992. Suppose n = i + i. Let f = 23076 + -23045. What is the highest common factor of i and f?
31
Suppose -174 = 3*d - 180. Suppose -354 = -6*a + a + 2*t, d*a - 129 = 5*t. Suppose 35 - 8 = 3*b. What is the greatest common factor of b and a?
9
Suppose -131*g + 31875 = -106*g. What is the highest common factor of 51 and g?
51
Let b(f) = -12*f + 244. Let j be b(-3). Calculate the greatest common factor of 85 and j.
5
Suppose 6*l + 38450 = 3*u - 733, 5*u + l - 65338 = 0. Calculate the greatest common factor of u and 895.
179
Let f = 193 - 185. Suppose -6*c + 1211 = k - f*c, -4*k + 2*c + 4868 = 0. What is the highest common divisor of 53 and k?
53
Suppose 0 = -3*w - 4*n + 47, -w + 5*n + 0*n - 16 = 0. Suppose w*v = 425 + 313. What is the highest common factor of v and 41?
41
Suppose 8*m = -2*v + 4*m + 906, 0 = -4*m - 4. What is the highest common divisor of v and 280?
35
Let d(g) = 94*g + 2. Let w be d(5). Let r be (w/64*-2)/((-2)/(-8)). Let t = r - -69. What is the greatest common divisor of 20 and t?
10
Let t = 1748 - 1574. What is the greatest common factor of 21054 and t?
174
Suppose 15 = n + 4*d, 0 = 4*n - 0*n - 4*d. Suppose -3*f + 338 = -2*i, 0*i = -3*f - n*i + 333. Calculate the greatest common divisor of 63 and f.
7
Suppose -4*j = -155 - 625. Let o be 15 - (2 - (-66)/792*(-22 + -2)). Calculate the greatest common factor of j and o.
15
Let s be (4 - (1 + -19173)) + 112/(-16). What is the highest common factor of s and 58?
29
Let s be (-466)/(2*(-3)/(-9)). Let u be -3 + ((-2)/3)/(2/s). What is the highest common divisor of 46 and u?
46
Let r(q) = -q**2 - 7*q + 2. Let g be r(-7). Suppose -12 = -g*d + 12. Suppose 540 = 16*n - d*n. What is the highest common factor of n and 15?
15
Let s = 508 + -221. Let a = s - 272. What is the greatest common divisor of a and 405?
15
Let i(o) = -3*o**3 + 133*o**2 - 36*o + 47. Let d be i(44). Calculate the highest common factor of 513 and d.
57
Let h be 13/(-39) - (-112)/3. Let u(f) = 3*f**2 + 3*f - 34. Let r be u(-11). Calculate the greatest common divisor of h and r.
37
Let i be (-10)/25 + (-207)/(-5). Let a(l) = -l**3 + 7*l**2 + 49*l - 14. Let j be a(11). Calculate the greatest common factor of i and j.
41
Suppose y = 9 - 3. Suppose -y = -6*u + 5*u + 4*b, 0 = -u + 2*b + 12. Suppose 6*n - 8*n + u = 0. What is the greatest common divisor of n and 6?
3
Let n = 87 - 82. Let p be 24/(-32) - n/((-20)/51). Let r = -10 - -16. What is the greatest common factor of r and p?
6
Let w = -138 - -147. Let t be (-1479)/(-17) - (-3)/1. Calculate the greatest common divisor of w and t.
9
Let c(h) = -8*h**3 - 65*h**2 - 15*h - 52. Let r be c(-8). Calculate the greatest common factor of r and 1308.
4
Let k = 3 + 99. Let w = k - 291. Let v be ((-8)/(-2) - 10/2)*w. What is the greatest common factor of 21 and v?
21
Let o = -2 + 4. Suppose 5*z - 140 = -4*d, -2*z - 43*d + 56 = -42*d. What is the highest common factor of z and o?
2
Suppose -75 = 3*j - 8*j. Let x(c) = 51*c + 55. Let r be x(1). Suppose 0 = 99*g - r*g + 35. Calculate the greatest common factor of j and g.
5
Let p = 5267 - 827. Calculate the highest common factor of p and 120.
120
Let a be ((-309)/6)/(4/(-8)). Suppose a*b - 102*b = 15. Suppose 60 = -0*y + 6*y. Calculate the greatest common factor of y and b.
5
Let d be 15/(-20) + 137/(-4). Let v be d/(-42) + 398/12. Let y be 102/(((-35)/7)/((-10)/4)). Calculate the greatest common factor of v and y.
17
Let u(y) = -443